6*v = -195. Is v a prime number?
False
Let r(k) = -170*k - 31. Let g be (-22 + -5 + 9)/((-2)/(-1)). Is r(g) a prime number?
True
Is 1 + (64552/60 - 14/(-105)) a composite number?
True
Suppose -3*w = -2*k - 59, -5 = -w - 0*w - 3*k. Suppose w*s = 12*s + 4385. Is s prime?
True
Let s be ((-24)/(-12))/(-2*2/(-2)). Let u(m) = 2169*m + 10. Is u(s) a prime number?
True
Suppose 5*s + k - 34 = 0, 2*s + 0*k - 11 = -3*k. Let h(q) = -17*q**2 - 3*q - 6. Let v be h(s). Is -1 + 4 + v/(-4) composite?
True
Suppose 4*w = w + 6. Suppose -w*x - b = 10, -2*b + 0*b + 4 = 0. Let h(d) = 33*d**2 + 4*d - 13. Is h(x) composite?
False
Suppose 7945 = 13*p - 6*p. Is p composite?
True
Let w(z) = -770*z + 841. Is w(-60) a prime number?
True
Let v = 0 + 4. Let a be v/(-2 - (-1 - 2)). Suppose 3*d - 5*r + 346 = a*d, -3*d + 5*r + 1138 = 0. Is d prime?
False
Let a(d) = 14*d**3 - 10*d**2 + 15*d - 11. Is a(6) prime?
False
Is (-5 + 3)/((-6)/24987) composite?
False
Let y(q) = 350*q**2 + 16*q - 51. Is y(4) a composite number?
True
Is 3/((312/92792)/13) prime?
False
Let q(w) = 2*w + 1. Let b(j) = 3*j + 1. Let c(k) = 4*b(k) - 7*q(k). Let y be c(-3). Suppose -7*i + 804 = -y*i. Is i a composite number?
True
Suppose 0 = -9*d + 76405 + 46400. Is d a composite number?
True
Is (-452)/(-4) + (-40)/4 prime?
True
Let u(h) = h**3 - 4*h**2 - 3. Let t be u(7). Suppose -3*c + t = 705. Let m = -104 - c. Is m a composite number?
False
Let h be 735/(-42)*(-13 - 1). Suppose -3*s + 637 = -h. Let c = s + 13. Is c prime?
True
Suppose 30 = -4*t + 10. Is (-82 + 3)/(5/t) prime?
True
Suppose -10*h - 3*l - 15655 = -12*h, -2*h - 4*l = -15662. Is h composite?
False
Let c(s) = -298*s - 2 - 289*s - 3 + 19. Is c(-4) prime?
False
Suppose -8*x + 2*x - 150 = 0. Let t be (20/x)/(4/(-10)). Suppose 0 = -2*q - t*q + 1004. Is q prime?
True
Let g = 89 - 83. Let v(k) = -185*k**3 - k**2 + 2*k - 2. Let d be v(2). Is d/9*(-9)/g composite?
True
Suppose 5*q - 5*g = 38250, -5*q - 3*g = -q - 30565. Suppose -r - q = -6*r. Is r composite?
True
Let a = 6 - 2. Suppose 3*t = -k, k + 2*t - a = 3*t. Suppose -378 - 111 = -k*h. Is h composite?
False
Let k be -2*(0 - 796)/1. Let q = k - 229. Is q composite?
True
Let r(t) = 163*t**2 - 2*t - 1. Let h be r(-1). Suppose 4*n - h = 2360. Is n a composite number?
False
Let c = 2505 - 784. Is c prime?
True
Suppose -5*l + 20 = -0. Suppose i = -k - 0*i + 1, k + l*i = 16. Is k/4*(-23 - -2) a prime number?
False
Let o = -158 - -216. Is o prime?
False
Suppose 3*n + 9 = 2*b, 0*b - 3*b + 12 = -4*n. Suppose b = t - 0*t - 61. Let z = t + -24. Is z a prime number?
True
Let l(v) = -9*v + 35. Let x be l(5). Is ((-17)/2)/(x/2780) a prime number?
False
Let t(n) = -7*n - n**3 + 0*n + n - 4. Let f be t(-7). Suppose -4*x + x = -f. Is x a composite number?
False
Let h(j) = -j**3 - 31*j**2 + 2*j + 61. Let v be h(-31). Is 3/6*1780 + v a composite number?
True
Suppose 2316 = 4*b + x - 5501, 3913 = 2*b + 5*x. Is b prime?
False
Let p(z) = 3*z - 3. Let c be p(3). Let b(x) be the first derivative of 3*x**2/2 + 17*x - 29. Is b(c) a composite number?
True
Let p = 4173 + -2124. Is p composite?
True
Is 231380/22 - (-15)/(-55) a prime number?
False
Let a be (0/(-6))/(0 - (1 + 1)). Suppose -3*l = -z - 0*z + 37, -2*z - 4*l + 74 = a. Is z composite?
False
Suppose 2*x = -3*w + 2*w + 26244, w - 2 = 0. Is x prime?
True
Let k = 1400 - -2532. Suppose 3*p - k = -p. Is p prime?
True
Let b(x) = 53*x**2 - 2*x - 6. Let z be (10/7 - (-3)/(-7))*-5. Is b(z) composite?
True
Let p(z) = -z + 5. Let i be p(-12). Let x = i - 17. Let s(t) = t**2 - 2*t + 74. Is s(x) a composite number?
True
Let r be (20/25)/(2/10). Suppose -r*c + 2*c - 1036 = -4*v, 3*v - c = 775. Is v prime?
True
Suppose 25 = 12*w - 7*w. Suppose -4*q - k = -9, -2*k - 3*k = w*q - 15. Suppose 3*n = 4 - 16, 3*n = -q*h + 1570. Is h composite?
True
Let x be 2/2 - (-4 - (1297 + -4)). Suppose 0 = -2*j + x + 3116. Is j prime?
True
Let b(p) be the second derivative of -21*p**5/20 - p**4/3 + p**3/3 - 7*p**2/2 + 43*p. Is b(-6) a composite number?
False
Let a(k) be the third derivative of -1/30*k**5 + 39/20*k**6 - 1/6*k**3 + 2*k**2 + 0*k + 1/12*k**4 + 0. Is a(1) a composite number?
False
Suppose -2*k + 5982 = 4*k. Suppose -219 = 2*m - 4*r - k, -4*m - 4*r + 1592 = 0. Is m a composite number?
True
Let p be (-2)/(-7) + (-12)/42. Is (p + -2)*(-47848)/16 a composite number?
False
Let f(k) = 16*k - 5 - 24*k - 48*k. Suppose -5*t - 20 = -5. Is f(t) a prime number?
True
Suppose m - 6000 = -1111. Is m a composite number?
False
Let f be -7*1 + -7 + 6. Let p = 13 + f. Suppose -3*v = -p*s + 593, -2*v = 4*s - v - 471. Is s a composite number?
True
Suppose i - 118089 + 12935 = -5*a, 0 = 2*a - 2*i - 42064. Is a composite?
False
Let p = -5717 + 2390. Is 4 + p/(-27) + (-2)/9 a prime number?
True
Let d be 52/(-234) + 58/18. Suppose -d*q + 1642 = -q. Is q a composite number?
False
Suppose -6*z = -14*z + 50968. Is z composite?
True
Suppose 5*w = 4*w - 3, -4*w - 66497 = -5*g. Is g composite?
False
Suppose -35220 = -21*p + 9*p. Is p a composite number?
True
Let p(y) = 3*y - 2. Let h be p(6). Suppose -4*s + 1 = 3*r - 10, h = 5*s + 3*r. Suppose -180 = -2*b + 5*j, 0 = 4*b + s*j - 286 - 44. Is b a composite number?
True
Let h = -104 + 109. Let g = 3594 + -2554. Suppose -h*l - g = -5*i, 3*l = -2*i - 0*i + 391. Is i prime?
False
Let n(o) = o**2 + 7*o - 14. Let c = -36 - -27. Let u be n(c). Suppose 0 = v - w - 16, 0 = 2*v - u*w - 18 - 16. Is v a prime number?
False
Let w = -673 + 338. Suppose -4*x - 68 = 452. Let c = x - w. Is c a prime number?
False
Suppose 196*s + 1372 = 200*s. Let x = -194 + s. Is x prime?
True
Suppose -2*d + 145963 = 5*o, d - 6*o + 2*o - 73001 = 0. Is d a composite number?
True
Suppose 8*n - 10*n + 6 = 0. Let g = -2 - -6. Is (g + 341)*1/n a composite number?
True
Suppose 0*o - o = 3*u - 26, u - 5*o = -18. Suppose 871 - 4826 = -u*x. Is x a composite number?
True
Suppose 4*i + 86 = 1082. Suppose 4*z = o + 990, -z - i = -2*z + o. Is z composite?
True
Suppose -2960 - 512 = 8*k. Let u = k - -1069. Is u a prime number?
False
Let a(k) = -k**3 + k. Let t(n) = -2*n**3 + n**2 - 8*n + 1. Let v(p) = 6*a(p) - t(p). Is v(-6) a prime number?
True
Let c(g) = -6*g - 5. Let w be c(-5). Suppose 3*u - 2236 = -3*n - w, 3*u - 1472 = -2*n. Is n a composite number?
False
Let j be 46499/4 - (72/32)/(-9). Suppose 2*d - j = -5*f - 2*d, 4*d - 4638 = -2*f. Is f composite?
True
Let v(q) be the second derivative of 1/3*q**3 + 7/12*q**4 - 3*q + q**2 + 0. Is v(-7) prime?
True
Suppose 4*a = -8, -2*g + 9 - 1 = -a. Suppose -3*c - j + 25 = 0, g*j - 30 = -2*c - j. Suppose c*w = -731 + 2166. Is w composite?
True
Let w(s) = s + 10. Let x be w(-7). Let z(b) = 581*b**2 - 1 + b + b - x*b. Is z(-1) composite?
True
Suppose 5*k - k = -3*s + 6, -4*s = -4*k + 20. Let h be -2 - 24/(k + -7). Suppose 0*j - r = j - 531, h*j = 2*r + 2100. Is j composite?
True
Let v = -1530 + 4623. Is v composite?
True
Let c = 7966 + -3861. Is c composite?
True
Let f(r) = -r + 34. Let m be f(7). Let s(d) = -d**2 + 10*d - 11. Let w be s(8). Suppose v + w*b - m = 30, -16 = -4*b. Is v prime?
True
Let j = 16731 + -5960. Is j prime?
True
Let c be (-12)/(-42) + 12/7. Suppose -2*s - g - 10 = -6*s, -5*s + c*g = -14. Is (987/6*s)/1 a prime number?
False
Suppose 9 = -3*s + 3*k, -3*s + k + 11 = 2*k. Suppose -753 = -s*g - 119. Is g composite?
False
Is 6*4*5/(-40) + 3284 a composite number?
True
Let u be ((-12)/7)/((-4)/14 - 0). Suppose u*l - 1900 = 338. Is l prime?
True
Let h = -502 - -994. Let p = -155 + h. Is p prime?
True
Let k(l) = 4*l - 5. Let m be k(2). Let q(i) = 4 - 10*i**2 - i - 4*i - 2*i - 19 - i**m. Is q(-10) a prime number?
False
Let q be (-6)/3*2/2. Let k(a) = 19*a - 3. Let c be k(q). Let h = c - -94. Is h a prime number?
True
Let d be (8/10)/(-2) - (-1258)/370. Is (-27055)/(-14) + d/2 composite?
True
Let o(y) = 258*y - 1. Let z = -4 + 7. Let m be (2/6)/(1/z). Is o(m) a prime number?
True
Suppose -5*v + 0*v = -4475. Suppose v = 4*t - 5*d + 2*d, 3*t = d + 670. Is t a composite number?
False
Suppose 5*n = 7 + 8. Suppose 3*g - 4*z = 1334, -g = g - n*z - 891. Let w = g - 101. Is w a composite number?
False
Let r = 678 - 427. Is r a prime number?
True
Suppose 5*o = -y - 1583, -4*y - 6260 = 2*o - 0*o. Is (-1 + -1)/(3/y) composite?
True
Let l = 68 - 143. Let i be 0 + 16*16/2. L